is divided by 14?
6
What is the remainder when 1580 is divided by 14?
12
What is the remainder when 766 is divided by 160?
126
What is the remainder when 464 is divided by 94?
88
Calculate the remainder when 78 is divided by 14.
8
What is the remainder when 2560 is divided by 87?
37
Calculate the remainder when 4573 is divided by 11.
8
Calculate the remainder when 288 is divided by 37.
29
What is the remainder when 3346 is divided by 108?
106
What is the remainder when 43 is divided by 3?
1
What is the remainder when 142 is divided by 65?
12
What is the remainder when 47 is divided by 28?
19
What is the remainder when 906 is divided by 220?
26
What is the remainder when 2060 is divided by 1014?
32
Calculate the remainder when 1762 is divided by 63.
61
What is the remainder when 7837 is divided by 49?
46
Calculate the remainder when 691 is divided by 331.
29
Calculate the remainder when 123 is divided by 33.
24
Calculate the remainder when 343 is divided by 168.
7
Calculate the remainder when 1902 is divided by 56.
54
What is the remainder when 62 is divided by 46?
16
What is the remainder when 393 is divided by 41?
24
What is the remainder when 551 is divided by 201?
149
What is the remainder when 570 is divided by 184?
18
What is the remainder when 8 is divided by 5?
3
What is the remainder when 233 is divided by 12?
5
What is the remainder when 73 is divided by 27?
19
Calculate the remainder when 61 is divided by 35.
26
What is the remainder when 268 is divided by 41?
22
Calculate the remainder when 201 is divided by 7.
5
Calculate the remainder when 113 is divided by 66.
47
Calculate the remainder when 593 is divided by 35.
33
Calculate the remainder when 317 is divided by 84.
65
What is the remainder when 324 is divided by 65?
64
What is the remainder when 1148 is divided by 25?
23
What is the remainder when 615 is divided by 269?
77
Calculate the remainder when 1101 is divided by 548.
5
Calculate the remainder when 3999 is divided by 160.
159
What is the remainder when 170 is divided by 9?
8
Calculate the remainder when 234 is divided by 85.
64
Calculate the remainder when 1572 is divided by 524.
0
Calculate the remainder when 73 is divided by 19.
16
Calculate the remainder when 1871 is divided by 78.
77
Calculate the remainder when 66 is divided by 18.
12
Calculate the remainder when 63 is divided by 53.
10
Calculate the remainder when 496 is divided by 71.
70
What is the remainder when 148 is divided by 7?
1
What is the remainder when 1021 is divided by 41?
37
What is the remainder when 954 is divided by 74?
66
What is the remainder when 6198 is divided by 11?
5
What is the remainder when 58 is divided by 19?
1
Calculate the remainder when 188 is divided by 16.
12
What is the remainder when 57 is divided by 21?
15
What is the remainder when 183 is divided by 26?
1
Calculate the remainder when 60 is divided by 14.
4
What is the remainder when 572 is divided by 186?
14
What is the remainder when 432 is divided by 39?
3
What is the remainder when 8580 is divided by 226?
218
Calculate the remainder when 4431 is divided by 31.
29
What is the remainder when 49 is divided by 18?
13
Calculate the remainder when 314 is divided by 15.
14
What is the remainder when 1182 is divided by 74?
72
What is the remainder when 867 is divided by 443?
424
Calculate the remainder when 418 is divided by 8.
2
Calculate the remainder when 118 is divided by 30.
28
What is the remainder when 61 is divided by 11?
6
What is the remainder when 89 is divided by 10?
9
Calculate the remainder when 1907 is divided by 70.
17
Calculate the remainder when 93 is divided by 56.
37
Calculate the remainder when 47 is divided by 43.
4
What is the remainder when 198 is divided by 17?
11
What is the remainder when 342 is divided by 10?
2
Calculate the remainder when 1951 is divided by 44.
15
What is the remainder when 172 is divided by 6?
4
Calculate the remainder when 298 is divided by 75.
73
Calculate the remainder when 97 is divided by 25.
22
What is the remainder when 77 is divided by 12?
5
Calculate the remainder when 79 is divided by 41.
38
What is the remainder when 595 is divided by 80?
35
Calculate the remainder when 195 is divided by 63.
6
Calculate the remainder when 595 is divided by 118.
5
Calculate the remainder when 294 is divided by 293.
1
What is the remainder when 658 is divided by 55?
53
Calculate the remainder when 1558 is divided by 8.
6
What is the remainder when 514 is divided by 378?
136
Calculate the remainder when 4548 is divided by 111.
108
What is the remainder when 246 is divided by 94?
58
Calculate the remainder when 50 is divided by 9.
5
What is the remainder when 37 is divided by 3?
1
Calculate the remainder when 163 is divided by 7.
2
What is the remainder when 1107 is divided by 79?
1
What is the remainder when 259 is divided by 68?
55
What is the remainder when 956 is divided by 11?
10
Calculate the remainder when 76 is divided by 10.
6
What is the remainder when 884 is divided by 8?
4
What is the remainder when 90 is divided by 19?
14
Calculate the remainder when 21 is divided by 12.
9
What is the remainder when 11391 is divided by 43?
39
Calculate the remainder when 170 is divided by 48.
26
Calculate the remainder when 268 is divided by 135.
133
What is the remainder when 152 is divided by 42?
26
What is the remainder when 34 is divided by 10?
4
Calculate the remainder when 103 is divided by 10.
3
What is the remainder when 129 is divided by 77?
52
Calculate the remainder when 1552 is divided by 74.
72
What is the remainder when 102 is divided by 1?
0
Calculate the remainder when 18 is divided by 12.
6
What is the remainder when 13357 is divided by 20?
17
Calculate the remainder when 1073 is divided by 77.
72
What is the remainder when 344 is divided by 58?
54
What is the remainder when 633 is divided by 90?
3
What is the remainder when 1129 is divided by 131?
81
Calculate the remainder when 3590 is divided by 63.
62
What is the remainder when 847 is divided by 108?
91
What is the remainder when 118 is divided by 24?
22
Calculate the remainder when 81 is divided by 41.
40
What is the remainder when 113 is divided by 94?
19
Calculate the remainder when 65 is divided by 19.
8
Calculate the remainder when 28 is divided by 18.
10
What is the remainder when 65 is divided by 14?
9
What is the remainder when 347 is divided by 45?
32
What is the remainder when 138 is divided by 10?
8
Calculate the remainder when 195 is divided by 53.
36
What is the remainder when 1545 is divided by 507?
24
What is the remainder when 339 is divided by 38?
35
What is the remainder when 182 is divided by 48?
38
What is the remainder when 1257 is divided by 333?
258
Calculate the remainder when 603 is divided by 48.
27
What is the remainder when 417 is divided by 28?
25
Calculate the remainder when 5251 is divided by 128.
3
Calculate the remainder when 500 is divided by 63.
59
What is the remainder when 420 is divided by 102?
12
Calculate the remainder when 558 is divided by 68.
14
Calculate the remainder when 497 is divided by 163.
8
Calculate the remainder when 300 is divided by 77.
69
What is the remainder when 7817 is divided by 11?
7
Calculate the remainder when 247 is divided by 91.
65
What is the remainder when 23 is divided by 2?
1
What is the remainder when 371 is divided by 62?
61
What is the remainder when 530 is divided by 21?
5
Calculate the remainder when 2203 is divided by 45.
43
Calculate the remainder when 1445 is divided by 94.
35
What is the remainder when 1367 is divided by 37?
35
What is the remainder when 298 is divided by 12?
10
Calculate the remainder when 3175 is divided by 1584.
7
What is the remainder when 7497 is divided by 20?
17
Calculate the remainder when 911 is divided by 76.
75
Calculate the remainder when 441 is divided by 139.
24
What is the remainder when 228 is divided by 21?
18
What is the remainder when 168 is divided by 47?
27
What is the remainder when 3335 is divided by 176?
167
What is the remainder when 209 is divided by 10?
9
What is the remainder when 1681 is divided by 73?
2
What is the remainder when 38 is divided by 13?
12
Calculate the remainder when 1629 is divided by 17.
14
What is the remainder when 47 is divided by